.
-23
Let u be (-1 - 2)*(-52)/78. Suppose -t + 2 = f, -u*t - 3*f - 6 + 14 = 0. Let o(k) = -31*k + 5. Let r(b) = -6*b + 1. Let m(h) = 2*o(h) - 11*r(h). Determine m(t).
-9
Let w(j) = -j. Let r(q) = q - 5. Let u(s) = -r(s) - 2*w(s). Suppose 2*l = 4*d - 9 + 3, -2*l - 2*d = 18. Determine u(l).
-2
Let m(s) = -11*s - 10*s + 11*s - 9 - s**2 + 27*s + s. Determine m(18).
-9
Let i(w) = -5*w**2 + 1. Suppose a - 3 = -0*a. Suppose -2*p - z = -5, 5*p + 4 = a*z - 0*z. Give i(p).
-4
Let n(f) = f**3 - 5*f**2 - f + 4. Suppose 0 = 4*v + 5*c - 39 - 5, v + 2*c = 11. Let u = 16 - v. What is n(u)?
-1
Let y(l) = -25*l + 4 + 12*l + 6*l + l**2 + 2. Give y(4).
-6
Let v(c) = c - 11. Suppose -15*q = -18*q + 21. Determine v(q).
-4
Let u(j) be the second derivative of -j**4/12 - 5*j**3/6 + 3*j**2 + 264*j. Let d = 14 + -21. What is u(d)?
-8
Let o(i) = -i**2 + i**2 - 6*i + 0*i**2 + 2*i**2. Let y = -6 - -18. Let g = -8 + y. Determine o(g).
8
Suppose 2*w - 10 + 2 = 0, 0 = 5*l - w + 24. Let k be 1 + (1 - 4/l). Let j(v) = -1 - k + 6 - v. Calculate j(4).
-2
Let q(r) = -6*r**3 + 6*r**2 - r - 12. Let i(h) = 7*h**3 - 8*h**2 + h + 13. Let z(y) = 5*i(y) + 6*q(y). What is z(-5)?
23
Suppose y = d + 6, -3*y - 7*d + 12 = -4*d. Let s(c) be the second derivative of -c**5/20 + c**4/2 - 2*c**3/3 + c**2 + 2*c. Calculate s(y).
7
Let s(k) = -110*k**2 - 1 + 241*k**2 - 4*k - 124*k**2 - 2*k**3. Determine s(4).
-33
Let z(p) = -p**2 + p. Let t(r) = 7*r**2 + 8*r - 18. Let g(s) = -t(s) - 6*z(s). What is g(-15)?
3
Let i(k) be the third derivative of k**6/120 + 7*k**5/60 + k**4/12 - 5*k**3/6 + 5*k**2 + 3. Calculate i(-7).
-19
Let t(u) = -u**3 - 2*u**2 + u. Let m be (12/2)/((-6)/16*2). Let y be ((-15)/10)/((-6)/m). What is t(y)?
-2
Let i(v) be the second derivative of v**4/6 - v**3/3 + 2*v - 1. Calculate i(2).
4
Let k(o) = -o - 6. Let j(z) = -z**3 - 8*z**2 - 8*z - 15. Let q be 15/(-2) + 2/(-16)*-4. Let b be j(q). Give k(b).
2
Let t(l) be the second derivative of 2*l**3/3 - 11*l**2/2 - 322*l. What is t(5)?
9
Let n(w) = 13*w - 3. Let k(t) = -t**2 + 11*t + 79. Let m be k(16). Calculate n(m).
-16
Let i(y) = 13 - y**3 + y + 2*y**2 + y**2 - 4*y**2 + 13 - 41. Calculate i(0).
-15
Let c(m) = -2*m + 5*m**2 - m**3 + 2*m - 4 - 3*m. Let l be c(3). Suppose 5*p = -2*f - 10, -p - l*f = -7 - 14. Let i(s) = -2*s - 6. Calculate i(p).
2
Let z(k) = -3*k**3 + 10*k**2 - 9*k - 13. Let h(c) = c**3 - c**2 + c + 1. Let o(y) = -2*h(y) - z(y). Calculate o(7).
11
Let c(d) = -2*d + 1. Let k(m) = -2*m + 2. Let j(s) = 5*c(s) - 4*k(s). Suppose 0 = -a - 3*i + 12, -3*i + 13 = 1. Suppose a = 4*x + 8. Determine j(x).
1
Let d(n) = 6*n**2 - 21*n**3 + 45*n**3 - 23*n**3 + 2*n**2 - 6. What is d(-8)?
-6
Let p(v) = -v**3 - 6*v**2 + 5*v - 9. Let m = -85 + 78. Give p(m).
5
Let v = 79 + 13. Let a = 103 - v. Let c(y) = y - 4. What is c(a)?
7
Let r(p) = -3*p**3 - 4*p**2 - p + 3*p - 4*p. Let t = -5 + 3. Determine r(t).
12
Suppose -5*i - 79 = x, x + 10 = -i - 5. Let u(m) = -m**2 - 15*m + 19. Determine u(i).
3
Let o(z) be the third derivative of z**6/120 - 3*z**5/20 + z**4/3 - 2*z**3 - 70*z**2 - 1. Calculate o(8).
-12
Let k(s) = 13*s**3 - 7*s**2 - 7*s + 8. Let z(q) = -2*q**3 + q. Let a(p) = -k(p) - 6*z(p). Calculate a(7).
-1
Let a(s) be the second derivative of -s**4/12 - s**3 + 3*s**2/2 - 67*s. Give a(-6).
3
Let u(c) = -c + 8. Suppose 5*v - 5*y = 310, 5*v + y + 27 = 355. Suppose -30 = 60*i - v*i. Give u(i).
2
Let g(w) = w**3 - 5*w**2 + 5*w + 6. Suppose 7 = 5*n - 2*f, -3*f + 4 = -2*f. Give g(n).
3
Let i(n) = n**3 + 22*n**2 - 22*n + 24. Let u be i(-23). Let q(b) = 2*b + 3. Determine q(u).
5
Let z(h) = -6*h. Suppose -14*y = -12 - 16. Suppose -2*u - y*p = 4 + 4, -3*u + 4*p = -9. Give z(u).
6
Let c(h) be the third derivative of h**6/120 + h**5/10 + h**4/3 + 4*h**3/3 - 340*h**2. What is c(-5)?
-7
Suppose 60 = 5*k + 50. Let s(a) = -a**2 + 1. Let i(t) = -18*t**2 + 21. Let l(q) = k*i(q) - 42*s(q). What is l(-2)?
24
Let p = -68 - -63. Let g = 10 + -8. Let z(i) = -g*i + i - 5 + 1. What is z(p)?
1
Let x(c) = -2*c - 4. Let t be x(-6). Let n(y) = 2*y**2 + 8*y - 1 - t + 3. Calculate n(-6).
18
Let a(s) = -s**2 - 9*s + 3. Let c(d) = 15*d - 188. Let f be c(12). Determine a(f).
11
Let t(z) = z**2 - 5*z + 6. Let f = -50 + 36. Let h be f/(-2) - (18 - 17). Give t(h).
12
Let w(d) = 6*d + 35. Let g be w(-5). Let o(q) = 2*q - 10. Let u be o(5). Let s(i) = u + 2 - i + 5. Determine s(g).
2
Let s(k) = 3*k + 5. Suppose r = -r + 92. Let f = r - 50. Give s(f).
-7
Let j(y) be the second derivative of 1/3*y**3 - 15*y + 1/20*y**5 + 0 - 1/3*y**4 - y**2. Determine j(4).
6
Suppose 12 = -0*q - 2*q. Let z = 7 + q. Let r(i) = -2*i. Let g(w) = 5*w - 1. Let n(y) = g(y) - r(y). Determine n(z).
6
Suppose 5*o - 109 + 9 = 0. Let z = -14 + o. Let j(q) = -q**2 + 7*q - 9. Determine j(z).
-3
Let l(n) = -n**3 - 24*n**2 + 144*n + 5. Let a be l(5). Let s(h) be the third derivative of 1/24*h**4 - 1/3*h**3 + 3*h**2 + 0*h + a. What is s(0)?
-2
Let u = 33 - 28. Suppose 41 = u*r + 16. Let p(d) = d**2 - 5*d - 1. Calculate p(r).
-1
Let f(i) = 3*i. Suppose -27 = 6*c - 3*c. Let b = -16 - c. Let g = b + 10. Determine f(g).
9
Let j(u) = -u. Let h(s) = 2*s**2 + 8*s - 1. Let o(z) = h(z) + 6*j(z). Let a be o(2). Suppose 0 = -3*d - a - 1. Let i(x) = x**2 + 7*x + 5. Calculate i(d).
-7
Let n(o) = -34*o**2 + 1. Let k be 3/((-2)/2*-3). Give n(k).
-33
Let v(y) = 7*y + 3. Suppose -6 = -3*h + h. Suppose 2*r - h*r = -4*w - 5, -3*r - 5*w + 66 = 0. Let o = r - 19. Determine v(o).
-11
Let l(i) = 12*i**2 - 19*i - 9. Let y(o) = -7*o**2 + 10*o + 5. Let z(t) = -4*l(t) - 7*y(t). Determine z(-6).
1
Suppose -13*y + 15*y = 0. Suppose 3*t - g - 2*g + 18 = y, t + 5*g = 24. Let r = 7 + t. Let l(q) = 2*q + 3. What is l(r)?
15
Let p(f) = 3 + 10*f + 19 - 11*f. What is p(14)?
8
Let n be (-4)/((32/88)/((-2)/2)). Let w(c) = c**2 - 10*c. Determine w(n).
11
Let b(v) = v**2 - 4*v - 5. Let f(m) = 4*m + 23. Let r be f(-5). Suppose 6*z - r*z = 12. Determine b(z).
-5
Let w(t) = -t**3 - 18*t**2 - 19*t - 33. Let x be w(-17). Let d(l) be the second derivative of 1/2*l**2 + 0*l**3 + 5*l + 0 - 1/4*l**4. What is d(x)?
-2
Let l = -73 + 76. Suppose 0 = 2*o - l - 5. Let j(t) = -t**3 + 6*t**2 - 4*t - 3. What is j(o)?
13
Let i(q) = 7*q - 202*q**2 + 0*q - 5*q**3 + 192*q**2 + 2*q**3 - 2 + 4*q**3. Give i(9).
-20
Let m(d) = -d**2 + 9*d - 11 + 10*d**2 - 19*d + 16*d + d**3. Calculate m(-8).
5
Let a(z) = 4*z**3 - z**2 - 12*z - 11. Let w(j) = j**3 - 2*j - 2. Let u(y) = a(y) - 5*w(y). Determine u(-2).
7
Let y = 412 + -417. Let b(l) = -l**2 - 6*l - 12. Determine b(y).
-7
Let s(j) = -3*j**3 + 11*j**2 - j - 1. Let w(d) = 2*d**3 - 6*d**2. Suppose -5*h + 40 = 5*u, 2*u + 5 = -5*h + 30. Let t(g) = h*s(g) + 5*w(g). What is t(-4)?
-7
Let o be -14 + 17 + -4*3/2. Let v(t) = t**3 + 2*t**2 - 3*t + 3. Calculate v(o).
3
Let a be (-4)/(-22) - 4/22. Let u = 0 - a. Let k(t) be the second derivative of t**5/20 + t**4/12 - 5*t**2/2 - 22*t. What is k(u)?
-5
Suppose 4*m + 0 + 14 = -5*a, -5*m - 32 = -a. Let k(d) = 4*d + 4. Give k(m).
-20
Let b be (-165)/22*8/(-10). Let r(l) be the first derivative of l**4/24 - 2*l**3/3 - 3*l**2/2 - 3. Let u(y) be the second derivative of r(y). Calculate u(b).
2
Let f(x) be the first derivative of -x**2 + 2*x + 336. Let u(h) = 3*h**2 + 4*h + 2. Let l be u(-2). Give f(l).
-10
Let t(g) be the second derivative of -1/2*g**4 - 3/2*g**2 - 1/20*g**5 - 35*g - 1/3*g**3 + 0. Let w be ((-12)/14)/((-1)/(-7)). Determine t(w).
9
Suppose 64 = -23*l + 27*l. Suppose 2*c = -4*s - l, 2*c + 6 = 5*s + 35. Let f(v) = v**3 - v - 2. What is f(c)?
4
Suppose -2*y = 3*m - 2, -3*m - 4*y - 4 = -m. Let f(v) = -3*v + 4. Determine f(m).
-2
Let d(t) = -13*t**3 + 2*t**2 + 5*t + 4. Let f(a) = -12*a**3 + 2*a**2 + 4*a + 3. Let j(s) = 4*d(s) - 5*f(s). Calculate j(-1).
-9
Let n(u) = -u**3 - u**2 + 8. Let s be n(0). Suppose -s*d + 9*d + 9 = 0. Let p be -4 + -5 - d/3. Let l(c) = c + 11. What is l(p)?
5
Let i(j) = -j**2 + 4*j + 1. Let t(b) = 17*b**2 - 13*b - 3. Let v(d) = -3*i(d) - t(d). What is v(-1)?
-15
Suppose -2*n = 8, -4*n + n - 8 = 4*q. Let v be 2/(-6) + (-11)/3. Let y be q + -6 + v + 8. Let h(c) = 2*c - 1. What is h(y)?
-3
Let u(j) = -2*j**2 - 9*j - 1. Let a be u(-4). Let c(r) = r**2 - 13*r - 13. Let k be c(14). Let f be k/2*2 - a. Let l(i) = 3*i**2 + 3*i + 1. Determine l(f).
7
Let q(w) = 2*w - 2